{"id":15,"date":"2008-09-04T22:25:56","date_gmt":"2008-09-04T20:25:56","guid":{"rendered":"http:\/\/www.hdlu.hr\/eng\/?page_id=15"},"modified":"2020-03-19T11:52:06","modified_gmt":"2020-03-19T11:52:06","slug":"contact","status":"publish","type":"page","link":"https:\/\/www.hdlu.hr\/eng\/about-us\/contact\/","title":{"rendered":"Contacts"},"content":{"rendered":"<h4>Home of the Croatian Association of Fine\u00a0Artists (HDLU)<\/h4>\n<p><strong>Mestrovic Pavilion<\/strong><\/p>\n<p>Trg \u017ertava fa\u0161izma 16, 10000 Zagreb, Croatia<br \/>\nPhone: + 385 1 \/4611 818 \/ 4611 819<br \/>\nFax: 4576 831<br \/>\ne-mail:\u00a0<a href=\"mailto:hdlu@hdlu.hr\">hdlu@hdlu.hr<\/a><\/p>\n<p><em><strong>Director<\/strong><\/em><br \/>\n<em>Ivana Andabaka<\/em><br \/>\n<em>Tel: + 385 1 46 11 818<\/em><br \/>\n<em>E-mail:\u00a0<a href=\"mailto:ivana.andabaka@hdlu.hr\">ivana.andabaka@hdlu.hr<\/a><\/em><\/p>\n<p><em><strong>Executive board HDLU<\/strong><\/em><br \/>\n<em><strong style=\"font-family: Georgia, 'Times New Roman', 'Bitstream Charter', Times, serif;\">Chairman of HDLU\u00a0<\/strong><strong style=\"font-family: Georgia, 'Times New Roman', 'Bitstream Charter', Times, serif;\">Tomislav Buntak<\/strong><\/em><br \/>\n<em>E-mail:\u00a0<a href=\"mailto:hdlu@hdlu.hr\">hdlu@hdlu.hr<\/a><\/em><\/p>\n<address><strong>Secretary<\/strong><br \/>\nMr. Miran Juri\u0107<br \/>\nPhone: + 385 1 4611 818\/4611 819<br \/>\nE-mail: <a href=\"mailto:tajnistvo@hdlu.hr\">tajnistvo@hdlu.hr<\/a>\u00a0<\/address>\n<address>Working hours\u00a0\/ Monday-Friday: \u00a09 am &#8211; 3 pm<\/address>\n<address>\u00a0<\/address>\n<address><strong>Accountant<\/strong><br \/>\nMs. Verica Pavu\u0161ek<br \/>\nPhone: + 385 1 4611 818\/4611 819<br \/>\nE-mail: <a href=\"mailto:racunovodstvo@hdlu.hr\">racunovodstvo@hdlu.hr<\/a><br \/>\nWorking hours\u00a0\/ Monday-Friday: \u00a09 am &#8211; 3 pm<\/address>\n<address>\u00a0<\/address>\n<address><strong>Ba\u010dva Gallery<\/strong><br \/>\nContact: Ms. Nika \u0160imi\u010di\u0107<br \/>\nTrg \u017ertava fa\u0161izma 16, Zagreb<br \/>\nPhone: + 385 1 46 11 818, + 385 98 982 8989<br \/>\nE- mail:\u00a0<a href=\"mailto:nika.hdlu@gmail.com\">nika.hdlu@gmail.com<\/a><\/address>\n<address>\u00a0<\/address>\n<address><strong>PM Gallery \u00a0&amp; Prsten Gallery<\/strong><br \/>\nContact: Ms.\u00a0Martina Miholi\u0107<br \/>\nTrg \u017ertava fa\u0161izma 16, 10 000 Zagreb<br \/>\nPhone: + 385 1 46 11 818, + 385 99 732 6127<br \/>\nE-mail:\u00a0<a href=\"mailto:martina.hdlu@gmail.com\">martina.hdlu@gmail.com<\/a><\/address>\n<address>\u00a0<\/address>\n<address><strong>Karas Gallery<\/strong><br \/>\nContact: Ms. Nika \u0160imi\u010di\u0107<br \/>\nUlica kralja Zvonimira 58, Zagreb<br \/>\nPhone: + 385 1 4811 561, + 385 98 982 8989<br \/>\nE- mail:\u00a0<a href=\"nika.hdlu@gmail.com\">nika.hdlu@gmail.com<\/a><\/address>\n<address>\u00a0<\/address>\n<p><em><strong>Project Coordinators<\/strong><\/em><br \/>\n<em>Contact:\u00a0 Ms. Jelena Bra\u010dun<\/em><br \/>\n<em>Mob: + 385 98 44 63 40<\/em><br \/>\n<em>E-mail:\u00a0<a href=\"mailto:jelena@hdlu.hr\">\u00a0jelena@hdlu.hr<\/a><\/em><\/p>\n<p>Contact: Ms. Vida Mei\u0107<br \/>\nMob: + 385 99 264 2561<br \/>\nE-mail:\u00a0<a href=\"mailto:jelena@hdlu.hr\">\u00a0vida.hdlu@gmail.com<\/a><\/p>\n<address><strong>Technical service<\/strong><br \/>\nMr. Mihael Pavlovi\u0107,\u00a0<a href=\"tel:%2B%20385%20098%20982%208849\" target=\"_blank\" rel=\"noopener noreferrer\">+ 385 098 982 8849<\/a><\/address>\n<address>\u00a0<\/address>\n<address>\u00a0<\/address>\n","protected":false},"excerpt":{"rendered":"<p>Home of the Croatian Association of Fine\u00a0Artists (HDLU) <\/p>\n<p>Mestrovic Pavilion<\/p>\n<p>Trg \u017ertava fa\u0161izma 16, 10000 Zagreb, Croatia<br \/> Phone: + 385 1 \/4611 818 \/ 4611 819<br \/> Fax: 4576 831<br \/> e-mail:\u00a0hdlu@hdlu.hr<\/p>\n<p><em>Director<\/em><br \/> <em>Ivana Andabaka<\/em><br \/> <em>Tel: + 385 1 46 11 818<\/em><br \/> <em>E-mail:\u00a0ivana.andabaka@hdlu.hr<\/em><\/p>\n<p><em>Executive board HDLU<\/em><br \/> <em>Chairman of HDLU\u00a0Tomislav Buntak<\/em><br \/> <em>E-mail:\u00a0hdlu@hdlu.hr<\/em><\/p>\n<p> Secretary<br \/> Mr. Miran Juri\u0107<br \/> Phone: + 385 1 4611 818\/4611 819<br \/> E-mail: tajnistvo@hdlu.hr\u00a0 Working hours\u00a0\/  <a href=\"https:\/\/www.hdlu.hr\/eng\/about-us\/contact\/\">[&#8230;]<\/a><\/p>\n","protected":false},"author":1,"featured_media":0,"parent":10,"menu_order":9,"comment_status":"closed","ping_status":"closed","template":"","meta":[],"_links":{"self":[{"href":"https:\/\/www.hdlu.hr\/eng\/wp-json\/wp\/v2\/pages\/15"}],"collection":[{"href":"https:\/\/www.hdlu.hr\/eng\/wp-json\/wp\/v2\/pages"}],"about":[{"href":"https:\/\/www.hdlu.hr\/eng\/wp-json\/wp\/v2\/types\/page"}],"author":[{"embeddable":true,"href":"https:\/\/www.hdlu.hr\/eng\/wp-json\/wp\/v2\/users\/1"}],"replies":[{"embeddable":true,"href":"https:\/\/www.hdlu.hr\/eng\/wp-json\/wp\/v2\/comments?post=15"}],"version-history":[{"count":3,"href":"https:\/\/www.hdlu.hr\/eng\/wp-json\/wp\/v2\/pages\/15\/revisions"}],"predecessor-version":[{"id":4165,"href":"https:\/\/www.hdlu.hr\/eng\/wp-json\/wp\/v2\/pages\/15\/revisions\/4165"}],"up":[{"embeddable":true,"href":"https:\/\/www.hdlu.hr\/eng\/wp-json\/wp\/v2\/pages\/10"}],"wp:attachment":[{"href":"https:\/\/www.hdlu.hr\/eng\/wp-json\/wp\/v2\/media?parent=15"}],"curies":[{"name":"wp","href":"https:\/\/api.w.org\/{rel}","templated":true}]}}